tors of 49479008.
2, 1546219
What are the prime factors of 961262055?
3, 5, 13, 397, 4139
What are the prime factors of 380425596?
2, 3, 29, 1093177
What are the prime factors of 43099572?
2, 3, 3591631
What are the prime factors of 16262445?
3, 5, 31, 41, 853
List the prime factors of 81248422.
2, 2011, 20201
What are the prime factors of 260703647?
313, 832919
List the prime factors of 68434340.
2, 5, 13, 263209
List the prime factors of 2074392145.
5, 7, 353, 167899
List the prime factors of 88427898.
2, 3, 13, 41, 709
List the prime factors of 783767789.
7, 179, 193, 463
What are the prime factors of 127966472?
2, 197, 81197
What are the prime factors of 34057829?
13, 2619833
List the prime factors of 280746223.
19, 139, 106303
List the prime factors of 3783048721.
41, 109, 197, 4297
List the prime factors of 74397360.
2, 3, 5, 309989
What are the prime factors of 990230022?
2, 3, 1993, 3067
What are the prime factors of 21733353?
3, 157, 1709
What are the prime factors of 564800146?
2, 17, 607, 27367
What are the prime factors of 47167305?
3, 5, 103, 30529
What are the prime factors of 187296602?
2, 93648301
What are the prime factors of 103556576?
2, 251, 12893
List the prime factors of 598624439.
7, 1279, 66863
List the prime factors of 410241820.
2, 5, 139, 173, 853
What are the prime factors of 8056255?
5, 1611251
List the prime factors of 97047217.
97047217
List the prime factors of 44967605.
5, 509, 17669
What are the prime factors of 24993138?
2, 3, 4165523
What are the prime factors of 7566147?
3, 840683
List the prime factors of 730412640.
2, 3, 5, 56359
What are the prime factors of 40474690?
2, 5, 4047469
List the prime factors of 234858327.
3, 11, 29, 245411
What are the prime factors of 427627443?
3, 3457, 41233
What are the prime factors of 26637261?
3, 7, 59, 21499
What are the prime factors of 7445456513?
11, 269, 313, 8039
List the prime factors of 1187064619.
13, 7024051
What are the prime factors of 2046818991?
3, 7, 97467571
What are the prime factors of 1624644406?
2, 7, 11, 17, 620567
List the prime factors of 22467156.
2, 3, 43, 43541
List the prime factors of 5580800.
2, 5, 109
List the prime factors of 1562996332.
2, 11777, 33179
What are the prime factors of 20376637?
20376637
List the prime factors of 65189221.
41, 1589981
List the prime factors of 189038447.
13, 14541419
What are the prime factors of 65294573?
29, 157, 14341
What are the prime factors of 968556908?
2, 11, 22012657
List the prime factors of 3264231142.
2, 1632115571
List the prime factors of 88681814.
2, 13, 107, 127, 251
What are the prime factors of 295516144?
2, 7, 11, 23, 10429
List the prime factors of 1959339277.
7, 79, 317, 11177
List the prime factors of 101257502.
2, 29, 67, 71, 367
List the prime factors of 25695950.
2, 5, 7, 73417
What are the prime factors of 25080972?
2, 3, 7, 298583
List the prime factors of 2829565508.
2, 7, 11, 1801, 5101
What are the prime factors of 521096916?
2, 3, 43424743
What are the prime factors of 75478807?
139, 191, 2843
What are the prime factors of 2645698724?
2, 347, 1906123
List the prime factors of 30733469.
13, 19, 124427
What are the prime factors of 169679045?
5, 33935809
What are the prime factors of 1122683636?
2, 23, 12203083
List the prime factors of 2026935520.
2, 5, 73, 173539
List the prime factors of 13743995.
5, 23, 119513
What are the prime factors of 24379207?
17, 1123, 1277
What are the prime factors of 2558866414?
2, 13, 98417939
List the prime factors of 869034971.
7, 5807, 21379
What are the prime factors of 154479410?
2, 5, 2293, 6737
List the prime factors of 3600476838.
2, 3, 7, 263, 36217
What are the prime factors of 8894039580?
2, 3, 5, 29, 163, 10453
List the prime factors of 1064707294.
2, 7, 19, 127, 31517
List the prime factors of 99341250.
2, 3, 5, 59, 449
List the prime factors of 236627093.
47, 293, 17183
What are the prime factors of 134133113?
179, 749347
What are the prime factors of 1309263605?
5, 13, 20142517
What are the prime factors of 2938503383?
73, 4691, 8581
What are the prime factors of 865114480?
2, 5, 10813931
List the prime factors of 17896147.
103, 293, 593
List the prime factors of 7121723614.
2, 3560861807
List the prime factors of 4743811018.
2, 109, 167, 130303
What are the prime factors of 6069290027?
29, 3323, 62981
List the prime factors of 4824379176.
2, 3, 313, 642223
What are the prime factors of 455096697?
3, 11, 1103, 12503
What are the prime factors of 31191278?
2, 1061, 14699
List the prime factors of 226301413.
13, 29, 600269
What are the prime factors of 5758271?
1063, 5417
List the prime factors of 33953759.
7, 61, 131, 607
What are the prime factors of 691404613?
137, 1069, 4721
What are the prime factors of 93043055?
5, 7, 2658373
What are the prime factors of 1176389879?
7, 168055697
List the prime factors of 963868339.
7, 47, 97, 30203
What are the prime factors of 169271666?
2, 29, 2918477
What are the prime factors of 20857008?
2, 3, 434521
List the prime factors of 40395511.
13, 31, 100237
List the prime factors of 53084358.
2, 3, 173, 17047
List the prime factors of 23175720.
2, 3, 5, 23, 311
List the prime factors of 1951920724.
2, 13, 37536937
What are the prime factors of 166749491?
19, 37, 193, 1229
List the prime factors of 109659857.
1951, 56207
List the prime factors of 3348641503.
41, 81674183
List the prime factors of 335211288.
2, 3, 139, 100483
List the prime factors of 288223022.
2, 8597, 16763
List the prime factors of 1383494000.
2, 5, 7, 17, 5813
List the prime factors of 1014033206.
2, 53, 9566351
List the prime factors of 613761783.
3, 53, 3860137
What are the prime factors of 2597097871?
17, 29, 113, 46619
List the prime factors of 4963872463.
11, 53, 8514361
What are the prime factors of 210602650?
2, 5, 19, 41, 5407
What are the prime factors of 21707539?
7, 443011
What are the prime factors of 48057452?
2, 12014363
What are the prime factors of 19069045?
5, 1933, 1973
What are the prime factors of 5130792609?
3, 31, 151, 277, 1319
List the prime factors of 105194869.
13, 8091913
What are the prime factors of 34091344?
2, 7, 79, 3853
List the prime factors of 77026867.
77026867
List the prime factors of 30592176.
2, 3, 637337
What are the prime factors of 3000398801?
3000398801
List the prime factors of 101527544.
2, 12690943
What are the prime factors of 1863808467?
3, 3803, 163363
List the prime factors of 2355581645.
5, 67, 379, 18553
List the prime factors of 18561983.
11, 1687453
What are the prime factors of 74661124?
2, 547, 34123
What are the prime factors of 7654955?
5, 7, 11, 59, 337
List the prime factors of 47411178.
2, 3, 7901863
What are the prime factors of 47264236?
2, 2069, 5711
What are the prime factors of 244676680?
2, 5, 19, 97, 3319
What are the prime factors of 250934378?
2, 125467189
List the prime factors of 602973707.
7, 167, 515803
What are the prime factors of 193744416?
2, 3, 2018171
List the prime factors of 16077918.
2, 3, 2679653
What are the prime factors of 328547625?
3, 5, 7, 47, 2663
What are the prime factors of 2590687567?
13, 199283659
List the prime factors of 2398582011.
3, 7, 43, 191, 13907
What are the prime factors of 10877417?
59, 263, 701
List the prime factors of 884743788.
2, 3, 163, 383, 1181
What are the prime factors of 2439348592?
2, 19, 1559, 5147
List the prime factors of 205462540.
2, 5, 10273127
List the prime factors of 140832085.
5, 19, 1482443
What are the prime factors of 203886663?
3, 19, 188261
List the prime factors of 175238463.
3, 19, 367, 8377
What are the prime factors of 2792497025?
5, 3701, 30181
What are the prime factors of 1575181095?
3, 5, 105012073
What are the prime factors of 88132956?
2, 3, 409, 17957
What are the prime factors of 120115030?
2, 5, 7, 17, 100937
List the prime factors of 606492072.
2, 3, 101, 83401
List the prime factors of 1394575025.
5, 17, 41, 163, 491
What are the prime factors of 1407984579?
3, 5107, 10211
List the prime factors of 112488541.
11, 17, 601543
List the prime factors of 982767395.
5, 196553479
What are the prime factors of 2216748?
2, 3, 31, 59, 101
List the prime factors of 48425475.
3, 5, 7, 13177
What are the prime factors of 1543478706?
2, 3, 7, 11, 317, 1171
List the prime factors of 3366